r = -205. Suppose 23*a = 13*a + 180. Calculate the highest common divisor of m and a.
9
Suppose -r = 33*r - 8262. Calculate the greatest common divisor of r and 297.
27
Let f = -28 + 53. Let w be 16/(-12)*(-3)/2. Suppose 0 = 2*q + w - 52. What is the highest common factor of f and q?
25
Let h(z) = 22*z**3 + 2*z**2 + 5*z - 12. Let s be h(2). Calculate the greatest common factor of 26 and s.
26
Suppose -2*w - 2*w + 4 = -4*v, -2*v = 4*w - 16. Suppose -2*f = d + 2*d - 6, v*d = 0. Let h be 0 + (-25)/f*-3. Calculate the greatest common factor of 100 and h.
25
Suppose -144*w + 68 = -140*w. What is the highest common factor of w and 221?
17
Let r be 2184/32 - (21/(-12) + 2). What is the highest common divisor of r and 748?
68
Let p(u) = -48*u - 801. Let b be p(-17). What is the greatest common divisor of 39 and b?
3
Let x(q) = -q**3 - 6*q**2 - 2*q + 23. Let a be x(-6). What is the highest common factor of a and 70?
35
Let b be (8/12)/(2/75). Let m = -21 + b. Suppose 0*y = -m*y + 8. What is the greatest common divisor of y and 2?
2
Let n(b) = b**3 - 8*b**2 + 6*b + 26. Let l = -25 + 33. Let m be n(l). What is the highest common divisor of m and 111?
37
Suppose 5*r - 33 = -u, -3 = -r + u - 0. Let m(t) = t**2 + 13*t - 8. Let i be m(-14). Suppose 359 = i*k + 107. Calculate the highest common divisor of k and r.
6
Let s = -350 - -374. Calculate the highest common divisor of 84 and s.
12
Suppose -28 = 9*k - 13*k. Let p(h) = 16*h - 16. Let u be p(k). Calculate the highest common divisor of 32 and u.
32
Let g(m) = -11*m**2 + 7*m - 3. Let x be g(5). Suppose 3*h - 675 = 5*v, 0*v - 3*h = 2*v + 270. Let d = v - x. Calculate the highest common divisor of 12 and d.
12
Let w be (-3 - 1)*11/(-4). Let d be (-4)/6 + -14 + (-611)/(-39). Calculate the highest common factor of w and d.
1
Let z(i) = i**3 - 11*i**2 + 10*i + 15. Let o be z(9). Let r = o + 84. Calculate the greatest common divisor of r and 27.
27
Suppose 0 = 3*m - 47 - 7. Suppose -m*r = -13*r - 1045. Let w be (-38)/r - 180/(-22). What is the greatest common divisor of 24 and w?
8
Let k(v) be the second derivative of v**4/12 + 3*v**3 + 12*v**2 + 21*v. Let n be k(-18). What is the highest common divisor of 264 and n?
24
Suppose -48 = 3*v - 7*v. Let p be (-9 + 6)/(2/60). Let f = -42 - p. Calculate the greatest common factor of f and v.
12
Suppose 354 = 83*q - 144. Calculate the greatest common divisor of 726 and q.
6
Let h = 76 - 22. Let t(l) = l**2 + 7*l - 7. Let q be t(-12). Let b = q - -28. What is the highest common factor of b and h?
27
Let h(j) = 3*j**2 - 72*j + 205. Let g be h(3). Calculate the greatest common factor of 32 and g.
16
Let u be 4/2*3/2. Let k be 108/2 - (u - 5 - 1). Calculate the highest common factor of 38 and k.
19
Let x(o) = 25*o**3 - 2*o**2 + 4*o - 11. Let i be x(2). What is the greatest common divisor of i and 21?
21
Suppose -2*a = h - 2*h - 16, -h + a - 19 = 0. Let j = h - -36. Calculate the greatest common factor of j and 7.
7
Suppose 0 = 2*x + 4 - 16. Let m(a) = -a**2 + 10*a - 15. Let c be m(8). Let l(t) = 9*t**2 - t + 1. Let k be l(c). What is the greatest common divisor of x and k?
3
Suppose -8 = -2*c, 0 = -z + 3*c - 24 + 30. What is the highest common divisor of 498 and z?
6
Suppose 82 = 7*i - 373. Let g(a) = 29*a**2 + 1. Let o be g(1). Suppose o = 4*c - 74. Calculate the greatest common factor of c and i.
13
Let w(k) = -k**3 + 10*k**2 + 12*k + 13. Let q = -47 - -58. Let f be w(q). Let m = 6 + 0. What is the greatest common factor of f and m?
6
Let z = -14938 + 14970. Let s(f) = 2*f. Let v be s(4). What is the highest common factor of z and v?
8
Let z be (-465)/(-6) - 2/(-4). Suppose -3*t - 3*o = -57, t + 3*t = -3*o + z. Calculate the highest common factor of t and 28.
7
Suppose -26*h = -24*h + 2*g - 1790, 3*g = h - 899. Calculate the greatest common divisor of 128 and h.
128
Let o(a) = -a + 3. Let v be o(-26). Let m(z) = z + 29. Let y be m(0). Calculate the greatest common divisor of v and y.
29
Let u = 362 + -229. Suppose -3*k + 11 = -u. Suppose 2*t = 4*o + 12 - k, 3*t = -o + 16. Calculate the greatest common divisor of o and 5.
5
Suppose 26*r = 19*r - 630. Let n be (-96)/(-20) + (-9)/(r/(-8)). Let x(o) = 4*o**2. Let w be x(3). Calculate the greatest common factor of w and n.
4
Let l(d) = -2*d + 1. Let g be l(-6). Let i be (1/(2 - 3))/(-1)*299. What is the highest common divisor of i and g?
13
Suppose -3*h + 480 = 5*f, -2*h + 7*f - 2*f = -320. Calculate the greatest common factor of 80 and h.
80
Suppose 34 = 2*t + y + y, 4*y - 84 = -5*t. What is the highest common divisor of 384 and t?
16
Let f be (-36)/(-10) - (1 + 2/(-5)). Suppose 0 = 5*g - s - 2*s - 97, f*g + 4*s = 35. What is the greatest common factor of 34 and g?
17
Let h(p) = -10*p - 6. Suppose 2 + 10 = -6*n. Let u be h(n). What is the greatest common factor of u and 14?
14
Let d(n) = 52*n**2 - 44*n + 36. Let a be d(6). What is the greatest common divisor of 24 and a?
12
Let y = -1927 - -1990. Calculate the highest common divisor of 105 and y.
21
Suppose -207 = -2*x - 135. What is the highest common factor of 900 and x?
36
Let l(i) = 17*i - 12. Let k = 21 - 9. Let u be l(k). Suppose 6 = -5*t + 166. Calculate the highest common factor of t and u.
32
Suppose -3*c = -2*y + 285, -3*y + 3*c + 77 + 358 = 0. Calculate the greatest common divisor of y and 48.
6
Let a(g) = g**3 - 10*g**2 - 3*g - 9. Let q be a(13). What is the greatest common divisor of q and 17?
17
Suppose 5*j + 20*j = 3375. What is the highest common divisor of j and 6?
3
Let b(c) = -91*c - 56. Let k be b(-1). Let q = 11 - 8. Suppose -5*l = -q*n + 5, -l + 6 = 2*l. Calculate the highest common divisor of k and n.
5
Suppose -16 = -m - 12. Let w be (-3 - -6)*(m/(-12) - -1). What is the greatest common factor of 10 and w?
2
Suppose 0 = -2*c - 2*r + 4, 10 = 5*c - 2*r - 2*r. Suppose 2*v = -3*v + 4*t + 221, -2*t - 90 = -c*v. Calculate the greatest common factor of v and 205.
41
Let p(m) = m**3 - 7*m**2 - m - 1. Let n be p(7). Let y be 41/(1 - (-12)/n). Let b = -37 - y. What is the highest common divisor of b and 30?
15
Let q(j) = -j + 16. Let i be q(-16). Suppose -3*b + 7*b - i = 0. Calculate the highest common factor of 32 and b.
8
Let o = -300 - -358. What is the greatest common factor of o and 2?
2
Suppose k - 29 + 5 = 0. Let m = 4 + 8. What is the greatest common factor of k and m?
12
Suppose -31*u + 784 + 332 = 0. Let g(q) = 44*q**2. Let a be g(-3). Calculate the greatest common factor of u and a.
36
Let w = -638 + 644. Let u = -1 - -5. Let p be (-2)/u - (-109)/2. Calculate the highest common divisor of w and p.
6
Suppose r = 4*o - 4*r - 345, o = 5*r + 105. What is the highest common factor of o and 16?
16
Let d be 4*(5 + -6) - (-2 + -5). What is the greatest common factor of 15 and d?
3
Let d = -39 + 41. Suppose d*p = 32 + 10. What is the highest common divisor of 147 and p?
21
Let q be ((-666)/(-21))/1 - (-40)/140. Calculate the highest common factor of q and 24.
8
Suppose 2*c + 20 = 3*m, -3*m + 0 = -c - 19. Suppose -57*z = -62*z + 40. Calculate the greatest common factor of z and m.
2
Let n be (1 - (-11)/(-5))/((-2)/60). Suppose 3*i = -5*k + 67, 3*k = -5*i + 13 + 104. Calculate the greatest common factor of n and i.
12
Let n(f) = 5*f**2 - 24*f - 5. Let k be n(9). What is the highest common divisor of k and 23?
23
Suppose -10*b - 71 = -221. Calculate the greatest common divisor of b and 690.
15
Let j(t) = 5*t - 1. Suppose 10*f = 9*f + 1. Let d be j(f). Suppose -4*b + 44 = s, -2*s - 66 = -d*b - 10. What is the highest common factor of 12 and b?
12
Suppose 0 = 3*x + 22 - 97. Suppose 11 = 4*m - 89. What is the greatest common factor of m and x?
25
Let z(o) = 11*o**2 - 38*o - 507. Let t be z(-10). Calculate the greatest common factor of 7 and t.
7
Suppose 0*b = 4*w + 2*b + 8, -4*w - 20 = 5*b. Suppose 5*a = -0 + 10. Suppose -h + w*h = -a. Calculate the highest common divisor of h and 8.
2
Let o be (-716)/(-6) - 8/24. Let p = o - 69. What is the greatest common factor of p and 25?
25
Let y(b) = 2*b**3 + 3*b**2 - 2*b + 1. Let s be y(-2). Calculate the highest common factor of 20 and s.
1
Suppose 56 = -5*h - 2*u, 5*h - 1 = 4*u - 69. Let g(z) = -z**3 - 12*z**2 - 3*z. Let b be g(h). What is the greatest common divisor of b and 4?
4
Suppose 0 = -c - 3*f - 13, -3*c + 17 